
Suppose -6*b - 3388 - 4958 = 0. Let o be (b/26)/((-2)/(-4)). Let d = o - -238. List the prime factors of d.
131
Let l(i) = -143*i**3 - 10*i - 5*i**3 + 12*i**2 + 17*i + 21*i. List the prime factors of l(-2).
2, 3, 7
Let l be (36/1)/(-3) - -3. Let h(u) = u**3 + 13*u**2 + 7*u + 7. What are the prime factors of h(l)?
2, 67
Suppose 5*w + 5*w = -36840. List the prime factors of w/(-8)*(-24)/(-36).
307
Let d(h) = 50*h - 503. What are the prime factors of d(30)?
997
Let m be 2/6*2*3. Let x be 2/3*(-333)/(-74) + 2. Suppose 2*y - 4 = -m*k, 0 = -5*k + 2*k + x*y + 6. What are the prime factors of k?
2
Suppose 4*h - 4*o = 15113 + 12883, -34999 = -5*h + 4*o. What are the prime factors of h?
47, 149
Let o be (12/1)/((-3)/(-8)). Suppose 5*h = 3*r + o, -5*r + 5*h = -r + 46. What are the prime factors of (-109)/(18/r + (-8)/(-28))?
109
Suppose 18*n + 108721 = 41*n. What are the prime factors of n?
29, 163
Let v(y) = -3*y**2 + 8*y - 40. Let p be v(6). Let t = -66 + p. Let s = t + 382. What are the prime factors of s?
2, 3
Suppose 0 = -q - 7, -2*c + 18056 = -3*q - 54369. List the prime factors of c.
2, 23, 787
Let p = 42 + -10. Let j = p + -29. Suppose j*n = -4*h + 32, 2*h = -n + h + 10. List the prime factors of n.
2
Let u(r) = 37873*r**2 + 670*r + 670. List the prime factors of u(-1).
11, 313
Suppose -4*z - 4*f = -25572, -10*f - 6384 = -z - 14*f. What are the prime factors of z?
2, 3, 13, 41
Suppose 0*q = 8*q - 504. Let c = q - -78. What are the prime factors of c?
3, 47
Suppose 12*l = 411 + 669. Suppose 26 = 4*a - l. Suppose -b = 5*d - a, -2*b + 106 = -4*d + 6. List the prime factors of b.
2, 11
Let c(y) = 28*y - 1 + y**2 - 10*y - 13*y. Let f be c(-6). Suppose -7*h = -5*o - f*h + 118, 3*o + 4*h = 76. What are the prime factors of o?
2, 3
Let t(i) = -i**3 + 4*i**2 + i. Let a be t(4). Let o = 1168 + -1165. Suppose -s - s - d = -o, 2*s = a*d + 8. What are the prime factors of s?
2
Let r be (-28)/(-15) - 36/(-270). Suppose -r*m + 966 = 5*m. Let x = 218 - m. What are the prime factors of x?
2, 5
Let k = -41 + 74. Let m = -53 + k. Let v = m - -132. What are the prime factors of v?
2, 7
Let x(l) = 7*l**3 + 10*l**2 - 12*l + 22. Let v(t) = -13*t**3 - 20*t**2 + 25*t - 43. Let i(m) = -6*v(m) - 11*x(m). What are the prime factors of i(-9)?
7, 37
Let o = 619 - 1188. List the prime factors of (o - 10 - 9)*(-6)/8.
3, 7
Let h(a) = 5*a**3 + 23*a**2 - 10*a + 562. List the prime factors of h(21).
2, 5, 71
Let p(k) = k**3 + 6*k**2 + 3*k - 7. Let j be p(-5). Suppose -j*u + 661 = 82. What are the prime factors of u?
193
Let l(g) = -3*g + 21. Let m be l(7). Suppose 4*i - 5*i + 58 = m. Let x = i - 23. List the prime factors of x.
5, 7
Suppose 223*c - 221*c = -34. Let i(m) = -m**3 - 15*m**2 + 6*m + 7. What are the prime factors of i(c)?
3, 7, 23
Suppose -5*u - 3*n = -84, -u = -5*u + 2*n + 54. Suppose 11*l - 16*l + u = 0. Suppose 5*b - 12 = 2*b, 5*w + l*b = 407. List the prime factors of w.
79
Suppose -6 = -a - 5*a. Let f be a + ((-2)/(-5) - (-796)/10). Suppose 0 = -o + 4*i + f, -o - 2*o + 5*i + 222 = 0. What are the prime factors of o?
3, 23
Let a(r) = r**3 + 4*r**2 - 4*r - 3. Let h be a(-4). Let y be -1 - (-2)/3 - (3944/(-51))/58. Suppose -h = -o + y. List the prime factors of o.
2, 7
List the prime factors of (-28)/(-91) - 3665051/(-169).
3, 7229
Let i = -1725 + 3069. What are the prime factors of i?
2, 3, 7
Let b = 46 + -21. Suppose -3*o = -b + 16. Suppose -2*y + 5*f + 3 = -145, -3*y + o*f = -240. List the prime factors of y.
2, 3, 7
Let d(k) = -k**2 - 121*k + 2543. What are the prime factors of d(-115)?
53, 61
Let g be (-4)/28 - (-2104)/28. Suppose c - 215 = 5*r, -c - 4*r + g + 104 = 0. Suppose 6*z = c + 249. List the prime factors of z.
2, 37
Suppose -2*m - 30 = -8*m. Suppose -g = 5, m*g = r - 494 + 160. List the prime factors of r.
3, 103
Suppose -9323 = -4*i + 5*k + 3144, 3*i = 3*k + 9348. What are the prime factors of i?
11, 283
Let l = -3316 - -5884. List the prime factors of l.
2, 3, 107
Let i = 27184 + -17932. What are the prime factors of i?
2, 3, 257
Let n be 14*5 - (-6 - -1). Suppose -5*h = -485 - n. Suppose -27*y + h = -23*y. What are the prime factors of y?
2, 7
Suppose 0 = -y + 1, -5*g - 6*y = -2*y - 29. Suppose -2*v - 1459 = 2*x - g*x, 5*x - 2438 = -3*v. What are the prime factors of x?
487
Suppose 4*z = -3*z. What are the prime factors of (z + 862/(-4))/((-6)/12)?
431
Let s be (-3)/(-2)*356/2. Let i(q) = -q**3 - 68*q**2 + 57*q - 365. Let n be i(-69). Let y = n - s. What are the prime factors of y?
2, 7
Suppose 0 = 3*f - 15 - 3, 0 = -2*z - 2*f + 15540. What are the prime factors of z?
2, 3, 647
Suppose 0 = -2*u - 74*i + 70*i + 3268, 5*u + 4*i - 8146 = 0. What are the prime factors of u?
2, 3, 271
Suppose 4*f - 16 = 0, -2*f = 5*a - 0*a - 228. Let q = a + -41. Suppose 0 = -q*m - 2*z - 3*z + 89, 134 = 3*m - 4*z. List the prime factors of m.
2, 19
Let v(j) be the third derivative of -j**5/60 - 2*j**4/3 - 3*j**3 - 4*j**2. Let c be v(-15). List the prime factors of (-30)/(-45) + (-211)/c.
71
Let m be 474/(-869) + 25295/11. Let x = m - 1229. What are the prime factors of x?
2, 5, 107
Let j(o) = 302*o - 63. Let k be j(3). Suppose 4*g - r - k - 590 = 0, -5*g - 5*r + 1785 = 0. List the prime factors of g.
2, 179
Suppose -66*z + 68*z = -4*d + 64506, -80664 = -5*d + 2*z. List the prime factors of d.
2, 5, 1613
Suppose -8*t - 9*t = 306. Let f = t + 184. What are the prime factors of f?
2, 83
Let m(l) = l + 1. Let s be m(3). Suppose 0 = -4*i - 5*d + 4, 0 = -s*i - 0*i - 3*d + 12. Suppose -i*c = -7*c + 43. What are the prime factors of c?
43
Let h = -107 + 127. List the prime factors of h + ((-16)/(-4))/1.
2, 3
Let p(y) = 6*y**2 + 17*y - 258. List the prime factors of p(16).
2, 5, 31
Let p(k) = k**3 - 3*k**2 - 28*k + 24. Let o be p(-6). List the prime factors of ((-4533)/2)/(o/88).
1511
Let s = -35 + 36. Let l be s + 1 + (-18)/(-6). Suppose h - 6*h + q = -286, 0 = h + l*q - 52. List the prime factors of h.
3, 19
Suppose -5*d + 418 = -332. Suppose 2*n + 3*p = 8*p + d, 3*n - p = 225. Suppose 0 = 5*i + 2*u - 465, 4*u = -i - 0*u + n. What are the prime factors of i?
5, 19
Let f(o) = -750*o + 695. What are the prime factors of f(-9)?
5, 1489
Let k(h) = 12 - 17 - 12 - h. Let c be k(-17). Suppose c = -9*s + 195 + 975. List the prime factors of s.
2, 5, 13
Let f(y) = -59*y + 10*y + 0 - 5 + 0. Let b be f(-4). Suppose 10*v = b - 71. List the prime factors of v.
2, 3
Let c(l) = 136*l + 2756. List the prime factors of c(102).
2, 4157
Suppose -n + 6*n = y - 9, 0 = -5*n - 5. Suppose -12*z + 89 = 29. Suppose -y*w = z - 29. List the prime factors of w.
2, 3
Let p = -134 - 117. Let v = p - -717. List the prime factors of v.
2, 233
Let b = 47 - -102. Let c be (-2439)/(-81) + 3/(-27). Suppose -5*d - c - b = -3*z, -4*d = -2*z + 120. List the prime factors of z.
2, 29
Let k be -1*(4 - 3)/((-3)/57). Let a(r) = r**3 - 20*r**2 + 17*r + 19. Let q be a(k). Let b(x) = -5*x + 24. What are the prime factors of b(q)?
7, 17
List the prime factors of (-36441)/27*6/(-4)*2.
4049
What are the prime factors of 469560/75 - (42/15 - 3)?
3, 2087
Let f(g) = 260*g**2 + 140*g + 2761. List the prime factors of f(-18).
84481
Suppose -4*h - 6*h = -6*h - 4528. What are the prime factors of h?
2, 283
Suppose -4*y - 4*h - 20 = 0, -3*y - 2*h - 1 = -4*y. Let q(u) = u**3 + 9*u**2 - 29*u - 11. Let a be q(-14). What are the prime factors of y/6 - a/18?
2
Suppose 2 = -6*q + 44. Suppose 685 = q*r - 3410. What are the prime factors of r?
3, 5, 13
Let o = 73 - 69. Suppose o*k + 15 = 7*k. Suppose 912 = k*m + m. What are the prime factors of m?
2, 19
Suppose 0 = 2*z + 624 - 618. List the prime factors of -211*60/(-18) + 4/z.
2, 3, 13
Let c(b) = -4*b**2 - 12*b + 11. Let v(z) be the first derivative of z**3 + 6*z**2 - 11*z - 16. Let g(h) = 2*c(h) + 3*v(h). List the prime factors of g(-14).
17
What are the prime factors of 1 + 5743 + (-7)/14*-2?
3, 5, 383
Suppose -n - 2 = -3*r, -4 = 2*r + 5*n - 7*n. Suppose 2*a = -4*h + 1964, 3411 + 1499 = 5*a - r*h. What are the prime factors of a?
2, 491
Suppose 0 = -28*o - 413198 + 1936370. List the prime factors of o.
3, 18133
Suppose -9*i = -0*i - 36. Let w(m) = -3*m**2 - 6 + 3*m - 2*m - m**3 - i + 2. List the prime factors of w(-4).
2
Let p be 3 + (-5830)/(-8) - 2/(-8). Let m be (6 - p)/((-9)/(-6))